 Let n(q) be the third derivative of h(q). What are the prime factors of n(5)?
19
Suppose -n - 4*q - 28 = -5*n, n - 2*q = 7. Suppose -n*z = -3*z - 88. What are the prime factors of z?
2, 11
Let d(t) = -3*t + 16. Suppose -3*s - 7*s - 170 = 0. List the prime factors of d(s).
67
Let a = 689 - 361. List the prime factors of a.
2, 41
Let q = 527 + -479. List the prime factors of q.
2, 3
Suppose -5*t + 4*t = 92. Let x be t/(-22) + (-16)/88. Suppose 5*i - x = 6. What are the prime factors of i?
2
Let w = 4362 + -1846. List the prime factors of w.
2, 17, 37
Let r(z) = -z**2 - 48*z - 140. List the prime factors of r(-30).
2, 5
Let c(g) be the first derivative of 7*g**3/3 - 7*g**2/2 + 15*g - 8. List the prime factors of c(5).
5, 31
Let k(q) be the third derivative of -q**4/24 + 16*q**3/3 + 217*q**2. Let a be (1 - -2)*26/(-6). What are the prime factors of k(a)?
3, 5
Let m(n) be the second derivative of n**3/2 - 7*n**2/2 - n. Let d(a) = -8*a + 97. Let c be d(10). What are the prime factors of m(c)?
2, 11
Let q(v) = 3*v**2 + 4*v - 10. List the prime factors of q(4).
2, 3
Let w(l) = -l + 3 + 0 + 2*l. Let i be w(2). Suppose 0 = -i*h - 3*p + 196, -2*h - 2*p = 19 - 99. What are the prime factors of h?
2, 19
List the prime factors of 117032/80 - (-4)/40.
7, 11, 19
Suppose p - 531 = -3*z + 962, z - 486 = 2*p. List the prime factors of z.
2, 31
Let u = -152 + 895. List the prime factors of u.
743
Let a(x) be the second derivative of -3*x**5/20 - 5*x**4/12 + x**3/6 - x**2 - 18*x. What are the prime factors of a(-4)?
2, 53
Suppose -3*m + 36 = -m + 3*t, -m + t + 23 = 0. Suppose 5*x = 4*h + 13 + 44, 2*x = h + m. List the prime factors of (x - -73)/((-2)/(-1)).
41
Let u be (-4)/16 + 42/8. Let o(v) = -v + 1. Let x be o(-9). Suppose 0 = -u*a - 0*a + x. List the prime factors of a.
2
Suppose 0 = 2*v - 4, 8 - 3 = 5*r - 5*v. Suppose -r*f + 68 = j, 13 = -4*f + 5. List the prime factors of j.
2, 37
Let j be ((-219)/1)/(((-6)/4)/1). List the prime factors of (10/5)/(4/j).
73
Let j(x) = -x - 8. Let d be j(-10). List the prime factors of 2/d*(-305)/(-5).
61
Let s = -547 - -1130. What are the prime factors of s?
11, 53
Suppose 277*v = 269*v + 2080. List the prime factors of v.
2, 5, 13
List the prime factors of (-8)/(-32)*-4*-181.
181
Let a be (1683/(-22))/((6/4)/(-3)). Let r = a + -71. What are the prime factors of r?
2, 41
List the prime factors of 3056/5 + (-44)/(-55).
2, 3, 17
Let k = 356 - -323. List the prime factors of k.
7, 97
Suppose 0*o + 13*o = -624. Let v = 7 - o. What are the prime factors of v?
5, 11
Suppose -6*b - 48 = -5*b. Suppose 13 = c + g - 10, -5*c + 95 = -5*g. List the prime factors of 3 - 7/(c/b).
19
Suppose 2*a - f - 7751 = 0, 5*f = -a + 1371 + 2510. What are the prime factors of a?
2, 3, 17, 19
Let b(m) = -42*m + 8. Let d be b(-7). Let o = 46 + -43. Suppose -4*c - 2*w = -d, -o*w - 3 = -18. What are the prime factors of c?
73
List the prime factors of (((-35)/(-2))/7)/(5/1790).
5, 179
Let n(g) = 52*g + 47. List the prime factors of n(9).
5, 103
Let r(n) = -2*n - 26. Let b be r(-13). Suppose -12*m + 1526 + 1510 = b. What are the prime factors of m?
11, 23
Let f = 26 + -12. Let p = -21 + f. Let k(r) = -5*r + 1. List the prime factors of k(p).
2, 3
Let g = -519 - -976. What are the prime factors of g?
457
Let h(v) = -v**3 - 7*v**2 - 9*v - 12. Let z be h(-6). Suppose -20 = -z*k + k. Suppose -176 = -k*x - 28. What are the prime factors of x?
37
Suppose 0 = 45*v - 13039 - 24446. List the prime factors of v.
7, 17
Let h be 1/((-3)/(-15)) - -5. Let b(q) = 13*q + 60. What are the prime factors of b(h)?
2, 5, 19
Let j = 30 - 21. Let g(v) = v**2 - 9*v + 2. Let a be g(j). Suppose -a*p - 66 = -f, -5*p = 3*f - 188 + 1. List the prime factors of f.
2
Let z = 1348 + 3. What are the prime factors of z?
7, 193
Suppose -20*m + 18*m + 5992 = 2*a, m = 2*a - 5998. List the prime factors of a.
2, 1499
Let u = -1222 - -1654. What are the prime factors of u?
2, 3
List the prime factors of ((-2848)/5)/((-21)/(-35) - 1).
2, 89
Suppose 9 = v - t, 4*t + 17 = v - 7. Suppose -3*j = 4 - 1. Let u = j + v. List the prime factors of u.
3
Let v = -46 - -66. Let y = 6 + v. List the prime factors of y.
2, 13
Suppose -11*x + 226 = -4471. Let k = x - 254. What are the prime factors of k?
173
Let f be (55 - -5)*1/3. Let w = 55 - f. List the prime factors of w.
5, 7
Suppose h = -5 - 16. Let f = 23 + h. What are the prime factors of f?
2
Let c be (-357)/49 + 6/21. Let f = 54 - c. Let l = f - 0. What are the prime factors of l?
61
Let q(h) = 14*h. Let r be q(-1). Let w = r - -52. Suppose 38 = 2*l - 3*n, 3*n = -2*l - 0*n + w. List the prime factors of l.
19
Let z(j) = 2 + 12*j - 15*j + 2*j. What are the prime factors of z(-4)?
2, 3
List the prime factors of (-147)/(-28)*404 - 3.
2, 3, 353
Suppose 83*u - 6587 = 76*u. List the prime factors of u.
941
Suppose 15923 = 5*x + 2*z, 3*z - 12748 = -4*x - z. What are the prime factors of x?
3, 1061
Suppose -31 = -3*r - 4. What are the prime factors of r?
3
Let x(d) be the first derivative of 0*d + 5*d**2 + 6 - 13 - 2*d. What are the prime factors of x(4)?
2, 19
Let w(o) = 3*o**2 - 4*o**2 + 2*o**2 - 2*o - 4 - o**3 - 4*o**2. Let v be w(-3). Suppose 3*d - 5*g - 173 = 0, -v*g + 133 = 2*d + 23. List the prime factors of d.
2, 7
Suppose 0 = -10*g + 6312 + 398. What are the prime factors of g?
11, 61
Suppose 2*u + 2*u - 2*v = 894, v = -u + 216. Let z = u + -132. List the prime factors of z.
89
What are the prime factors of 4340 + -95 - 7/1?
2, 13, 163
Let t = 27 + -24. Suppose 387 = t*v - n, 5*n = -0*v + v - 115. What are the prime factors of v?
2, 5, 13
What are the prime factors of 649 - (-6 + (-63)/9)?
2, 331
Let k(q) be the third derivative of -q**4/8 - q**3/2 + q**2. Let i(l) = -3*l**2 + 5*l + 16. Let x be i(-2). What are the prime factors of k(x)?
3, 5
Suppose -16 = q - 134. List the prime factors of q.
2, 59
Suppose -1447 = 3*s + 158. Let d = s + 781. List the prime factors of d.
2, 3, 41
Let p(o) = -o**2 - 20*o + 4. Let b be (-200)/14 + (6/(-7))/(-3). List the prime factors of p(b).
2, 11
Let o(x) = 66*x + 0 - 5 + 1. List the prime factors of o(2).
2
Suppose -p + 4*o = -20, -2*o + 0 = -p + 10. Suppose 2*g - 289 = 5*y, -444 = -p*g - 3*g - 3*y. What are the prime factors of g?
3, 7
Suppose -104*l = -97*l - 5222. What are the prime factors of l?
2, 373
Let b(m) = 6*m - 53. Let i be b(9). Suppose -n - 5*s - 11 = 0, 4*n - 3*s - i = -8*s. List the prime factors of n.
2
What are the prime factors of ((-1228)/(-6))/(70/105)?
307
Let p(o) = -o**3 - 3*o**2 - 3*o - 2. Let k be p(-3). Let x = -6 + k. List the prime factors of 33 + -6 + (x - 2).
2, 13
Suppose -6*t = -4*t + 2. Let g = t - 11. What are the prime factors of ((-2)/(-4))/((-2)/g)?
3
Let k(l) = l**3 - 24*l**2 + 22*l + 28. Let t be k(23). Suppose t*q - 133 - 442 = 0. What are the prime factors of q?
5, 23
Let y be -1 - 3/(-2)*2. Suppose y*p + 2*p + k = 171, -3*p + 152 = -4*k. List the prime factors of p.
2, 11
Let z(q) = -2*q**3 + 36*q**2 - 6*q + 4. What are the prime factors of z(15)?
2, 79
Let c(i) = i**2 - 10*i + 41. What are the prime factors of c(24)?
13, 29
Let b = 705 - -998. What are the prime factors of b?
13, 131
Suppose 5*o = 4*m - 16 - 10, m = -4*o - 4. Let l be 1904/18 - o/9. Suppose -2*k - 5*p + l - 3 = 0, 5*p - 5 = 0. What are the prime factors of k?
7
Let q(l) = 3*l**2 - 5*l + 11. What are the prime factors of q(6)?
89
Let p = -77 - -206. Suppose v = -0*v + p. What are the prime factors of v?
3, 43
Suppose -3*z = -z + t - 1192, 0 = -4*z + 5*t + 2384. List the prime factors of z.
2, 149
What are the prime factors of (315/27)/7 + (-6542)/(-6)?
2, 3, 7, 13
Let a(j) = 4*j**3 - 3*j**2 + 4*j - 1. Let b(m) = 5*m**3 - 3*m**2 + 5*m - 1. Let p(d) = -4*a(d) + 3*b(d). List the prime factors of p(-3).
2, 29
What are the prime factors of (-514)/5*5/(-2)?
257
Suppose -2*g + 2*v + v = -371, v = 4*g - 737. Suppose -4 + g = 2*n. What are the prime factors of n?
2, 3, 5
Suppose -5*c - 16 + 41 = 0. Suppose -c*x + 75 = -0*x. What are the prime factors of x?
3, 5
Let d(z) = -z - 13. Suppose 0 = -0*h - 4*h + 12, b - 2*h + 10 = 0. Let i be d(b). What are the prime factors of ((-12)/i)/(2/72)?
2, 3
Let g be 5/(30/21)*2. Suppose -5*o + m + g = 0, -5*o + 1 = -5*m + 6. Suppose z - 16 = -o*p - 0*z, -2 = p + 3*z. What 